 - 13. Calculate d(v).
-13
Let m(p) = p + 2. Let v be 26/6 - 2/6. Let f be -1*(4/(-1) + v). What is m(f)?
2
Let t(i) = i**3 + 13*i**2 + 13*i + 3. Suppose 20 = 5*d, 8*d - 3*d + 40 = -5*f. What is t(f)?
-9
Let o(f) = -f + 1. Let c(x) = -2*x**2 + x + 11. Let z be c(0). Let r(d) = 6*d - 62. Let t be r(z). Calculate o(t).
-3
Let q(i) = i**2 - 16*i - 15. Let x be (-1 - (-1 + 4)) + 49 + -28. Calculate q(x).
2
Suppose 0 = 3*q + 10 + 2. Let m(v) be the third derivative of -7*v**4/24 + v**3/3 + 4101*v**2. Calculate m(q).
30
Let g(b) = b**2 - 7*b - 6. Let p be 54/9 + 8/4. Determine g(p).
2
Let h be (-1)/(-4)*5*4. Let m(b) = 27*b**2 - 26*b**2 - h*b + 2 - 6 - 6. Determine m(7).
4
Let k(l) = 11*l + 6 - l**2 - 7 + 2*l**2 - 5*l - 9*l. Let o be (-26)/10 + (-2)/5. Let c be -1 + 1 - 6/o. What is k(c)?
-3
Let o = 28 - 20. Let f = -3 + o. Suppose 3*y + 26 = -f*r + 4, -2*r - 3*y - 7 = 0. Let k(v) = -v**3 - 6*v**2 - 5*v + 1. What is k(r)?
1
Let h(n) = -9*n - 8. Let o(c) = -6*c - 5. Let q(b) = 5*h(b) - 8*o(b). Let s(l) = 4*l - 14. Suppose 3 = 5*f - 4*m, -2*f + 2*m - 3 = -m. Let v be s(f). Give q(v).
-6
Let i(h) = -21*h + 2. Let z(b) = -26*b + 3. Let q(o) = -5*i(o) + 4*z(o). Give q(5).
7
Let r(w) = -w**3 + 1. Let j(p) = -11*p**3 + p**2 + 3*p + 7. Let t(q) = j(q) - 5*r(q). Let g be t(-1). Let z(v) = v - 6. Give z(g).
0
Let g(b) = b**3 - 4*b**2 + 4*b - 4. Let j(z) = 2*z**2 + 5*z + 5. Suppose -4 = 4*r - 4*i - 0, 2*r = 4*i + 2. Let c be j(r). Suppose 4*m - 4 = c. Calculate g(m).
-1
Suppose -v - 6 = -4*v. Let q(a) = 12*a + 10*a - 19*a - a**v + 1. Calculate q(4).
-3
Suppose -5*t = 4*o + 16 + 9, 4*o - 20 = 4*t. Let w(j) = -j**3 + j + 2. Let f(v) = -7*v**3 - 4*v**2 + 14*v + 18. Let g(q) = f(q) - 6*w(q). Give g(t).
-9
Let n(c) = -c**2 - c + 4. Suppose 8*j = -13*j - 84. Determine n(j).
-8
Let k(x) = -x**3 + x**2 + 4*x + 3. Let f be k(-2). Let j(c) = -48*c**2 + 8*c - 3 + 85*c**2 - 38*c**2. Determine j(f).
4
Let i(x) = -x**2 - 2*x + 10. Suppose 5*d + 52 = -4*q, -4 = 2*d + 4. What is i(q)?
-38
Let r(x) = -x**2 - 5*x - 5. Let m(j) be the first derivative of -j**2/2 - 12*j - 13. Let u be m(-7). Calculate r(u).
-5
Let f(t) = -2*t**3 + 3*t**3 - 15*t - 12*t - 5*t**2 + 12 + 18*t. Give f(6).
-6
Let b = -962 - -954. Let q(d) = d**3 + 9*d**2 + 6*d - 7. Determine q(b).
9
Let b(w) be the first derivative of -w**2 - w + 329. What is b(-7)?
13
Let q(u) = -u + 5. Let i(h) = -5*h + 130. Let r be i(26). Calculate q(r).
5
Let b be 2*(-9)/(-6) - -45. Let s = b - 52. Let v(i) = -i**2 - 2*i. Give v(s).
-8
Let f be (-22 + 21 - -1*1)/1. Suppose 7*h - 22 = 4*h - 4*b, f = 5*h - b - 29. Let u(t) = t**3 - 7*t**2 + 5*t - 6. What is u(h)?
-12
Let a(w) be the first derivative of w**6/360 + w**5/30 - w**4/6 + 2*w**3/3 + 2. Let c(i) be the third derivative of a(i). Suppose 71*j = 70*j - 5. What is c(j)?
1
Suppose a - 3 = 0, a - 27 = w - 4*w. Let s = w + -6. Suppose p - 3*p + 8 = -3*d, -8 = 5*d + s*p. Let o(y) = y**3 + 2*y**2 + y. What is o(d)?
-2
Let s(a) = 9*a**2 - 7*a + 3. Let c(p) = -6*p**2 + 4*p - 2. Let r(i) = 5*c(i) + 3*s(i). Suppose -4*v + 4 = 2*h - v, -4*h = -v + 6. Give r(h).
-3
Suppose 5*n + 5 = 0, -2*h + 8*n - 3*n = -19. Let z be h*((-92)/(-91) + 2/(-13)). Let l(q) = q**2 - 5*q. Give l(z).
6
Let w(m) be the first derivative of -2*m**3/3 - 4*m**2 - 4*m + 307. Give w(-5).
-14
Let b be (-8)/6*1*3. Let y(r) = -r**3 - 2*r**2 + 4*r - 3. What is y(b)?
13
Suppose -9 = -2*x - 15 + 6. Let y(d) = d + 23 - 2*d - 6. Determine y(x).
17
Let u(f) = f**3 - 14*f**2 + 29*f - 8. Let z(b) = -b**3 + 16*b**2 - 27*b + 7. Let h(n) = 3*u(n) + 4*z(n). What is h(21)?
4
Let i(r) = -r**3 - 16*r**2 + 17*r + 25. Let l be i(-17). Suppose -4*k - 41 + l = 0. Let t(y) = y**3 + 5*y**2 + 6*y + 4. Give t(k).
-4
Suppose 2*d + v + v = 12, -5*d - v = -14. Suppose -5*m - 33 = -d*u, -u - m = u - 3. Let g(p) = 3*p - 4. Calculate g(u).
8
Suppose 21 = 4*f + k, 2*f - 2*k + 4*k = 18. Suppose -5*c + 2*m + 22 = 4*m, -5*c + 16 = -f*m. Let i(s) = -s**3 + 3*s**2 + 2*s - 3. Calculate i(c).
-11
Let z be (1 - 7)*165/(-1188). Let x(d) be the second derivative of -2*d**2 + 0 - z*d**3 + d - 1/12*d**4. Give x(-5).
-4
Suppose x + 2 - 25 = -2*t, -5*x = 4*t - 61. Let u be (-1*t)/(-3) + 2. Suppose -u = -n, -2*s + 5*n - 10 = n. Let d(v) = 3*v - 3. Give d(s).
12
Let a(p) = p + 8. Let h = 37 - 34. Let x be 7 + (-100)/15 - 1/h. Determine a(x).
8
Let g(h) = -1. Let v(m) = -m**2 - m + 1. Let a(c) = -3*g(c) + v(c). What is a(-3)?
-2
Let z(g) = g**3 - g**2 - 1. Let i(w) = -w**3 + 2*w - 1. Let j(y) = -i(y) - 2*z(y). Let m(r) = -r**3 + r**2. Let t be m(-1). Give j(t).
-1
Let r(l) = 17*l - 3. Let x(b) = -23*b + 3. Let m(y) = -5*r(y) - 4*x(y). Calculate m(-6).
-39
Let u(r) = r**3 + 10*r**2 - 76. Let g be u(-9). Let v(o) = o**2 - 8*o - 2. Give v(g).
-17
Suppose -36*u = 166 + 37 - 59. Let j(y) = y - 1. Let z(w) = -w**2 + 4*w - 6. Let o(h) = -5*j(h) + z(h). Calculate o(u).
-13
Suppose -3*b + 4*c + 39 = 41, 0 = b + c - 4. Let y(x) = -x + 3. Calculate y(b).
1
Suppose 3*g = q + 5*g - 6, -4*q + 4*g = -12. Let s(n) = -5*n - 1. What is s(q)?
-21
Suppose -5*t = 4*s - 15, 0 = -3*t - 3*s + 7 + 2. Suppose -5 = 2*o + t*o. Let q(j) = 3*j - 13*j**2 - 5*j + j + 15*j**2. Give q(o).
3
Let t(r) = 39*r**2 - 3*r + 14. Let c(i) = -23*i**2 + i - 8. Let d(n) = 5*c(n) + 3*t(n). Determine d(1).
0
Let o = -16 - -11. Let n(p) be the second derivative of p**5/60 + p**4/6 - p**3/2 - 8*p**2 - 14*p. Let y(i) be the first derivative of n(i). What is y(o)?
2
Let r = -141 - -134. Let h(d) = -6*d**2 + d + 7*d**2 + d**3 - 1 + 6*d**2. Determine h(r).
-8
Let o(s) = -8*s**3 + 2*s**2 + s. Let m be o(-1). Let p(r) = r - 2*r + 3*r + m. Give p(-6).
-3
Let y(c) = -42 - 25 + 39*c + 18*c + 16*c - 68*c. What is y(14)?
3
Let q(a) be the third derivative of -a**4/24 - a**3/2 + 3*a**2. Suppose -g - 8 = -2*b + 3, -5*g + 5 = 5*b. Let z be (-1)/(0 + g/(-21)). Determine q(z).
4
Let c(a) = -a**2 - 1. Suppose -3*v - 21 = 5*l + 3, -3*l + 3*v = 0. Let i be 2*3/(-2) - l. Give c(i).
-1
Suppose 12 = -3*b - 18. Let r = 18 + b. Suppose 2*x - 4 - r = 0. Let k(q) = q**2 - 8*q - 1. What is k(x)?
-13
Let n = -30 - -36. Let k(j) = -5 + 3 - n*j + 2. Let i be 1 + -2 + 1 + 1. Give k(i).
-6
Suppose 3*g - 3 - 9 = 0. Let a be g + 1*(-4)/2. Let y(i) = 2*i**2 + 3*i**a - 7*i**2 - 2*i + i. Determine y(-1).
-1
Let m(t) be the second derivative of -t**8/6720 + t**7/504 - t**6/360 - t**5/60 + 7*t**4/6 + t. Let v(r) be the third derivative of m(r). Calculate v(3).
10
Suppose -4*i = 9 - 25. Let m(k) be the second derivative of -k**4/12 + 2*k**3/3 + 3*k**2/2 - 7*k + 1. Give m(i).
3
Let n(j) = j**2 - 3*j - 4. Let c(r) = 2*r**2 - 6*r - 8. Let p(f) = -3*c(f) + 5*n(f). Suppose 17 - 1 = q. Suppose 17*l - 5 = q*l. Determine p(l).
-6
Let n(w) be the third derivative of 1/12*w**4 + 0 + 5/6*w**3 - 22*w**2 + 0*w - 1/60*w**5. Determine n(5).
-10
Let g(t) be the first derivative of -t**3/3 - t**2/2 + 4*t + 5. Let l = 44 - 47. Calculate g(l).
-2
Let r(m) = -4*m + 37. Let i(s) = s**2 - 18*s + 10. Let h be i(18). Let v be r(h). Let p(j) = j**3 + 0*j + 3*j**2 + 0*j + 3 - 3*j. Give p(v).
12
Suppose -4*o - 3*l = -96, -2*o + 2*l = 2*o - 116. Let u = o - 27. Suppose u*n - 4*n + 20 = 0. Let b(d) = -d**3 + 5*d**2 - 3. Calculate b(n).
-3
Let n(z) = -z**2 - 3. Let k(h) be the second derivative of -7/6*h**3 + 6*h + 1/20*h**5 + 5/12*h**4 + 0 - 3/2*h**2. Let s be k(-6). Determine n(s).
-12
Let p be (-6)/(2 + 158/(-76)). Suppose 12*x + p = 8*x. Let n = x + 14. Let s(u) = -u**2 + 5. What is s(n)?
-20
Let c(b) be the second derivative of b**5/20 + b**4/2 - b**3/3 + 5*b**2/2 + 322*b. Determine c(-6).
17
Let s(d) be the third derivative of -d**9/60480 - d**8/3360 + d**6/180 + d**5/15 - 19*d**2. Let t(u) be the third derivative of s(u). What is t(-6)?
4
Let d = 86 + -84. Let w(a) = -a**d + 2*a + 7*a + 10*a - 3 - 12*a. Suppose 0 = s - 4. What is w(s)?
9
Let t(n) = -n + 9. Suppose -29*h + 25*h + 76 = 4*o, -4*h - 57 = -3*o. Calculate t(o).
-10
Let q(a) = a + 3. Let d be 3/((18/(-4))/(-9)). Let w = 3 - d. Calculate q(w).
0
Let j(z) = -3*z - 7. Let a(q) be the first derivative of 5*q**2 + 22*q - 1. Let g(s) = -5*a(s) - 16*j(s). Let k = 54 - 52. Determine g(k).
-2
Suppose 2*c = 1 + 1. Suppose -3*h - 3*i + 33 - 12 = 0, i = 3*h - c. Let d(m) = h + 2*m - m**2 - 4*m - 4*m**2 + 35*m**3 - 36*m**3. G